*b + o = -o - 454. What is the highest common divisor of b and l?
23
Suppose -18*u - 36600 = -41136. Calculate the highest common factor of u and 1440.
36
Let a(r) = 6*r + 120. Let s be ((136/(-6))/(-4))/((-17)/51). Let g be a(s). Let x be -24*(-3)/6*1. Calculate the highest common divisor of g and x.
6
Let h be 1/10*617 - (-4)/((-280)/(-21)). Calculate the highest common factor of 248 and h.
62
Let s(v) = -53*v + 2224. Let n be s(41). Let r(h) = h**3 - 3*h - 1. Let t be r(4). Calculate the greatest common factor of n and t.
51
Let o(a) = -23*a + 38. Let z be o(5). Let j be (-4114)/z - (-24)/42. Calculate the greatest common divisor of j and 42.
6
Let m = -137 - -116. Let u(t) = -2*t**3 - 41*t**2 + 19*t - 40. Let g be u(m). What is the greatest common factor of g and 4?
2
Let j be (150/675)/((-2)/18). Let s(z) = -74*z + 12. Let q be s(j). What is the highest common factor of 20 and q?
20
Let a(g) = 21 - 6 + 11*g - 7 - 3. Let v be a(4). Let m = v - 35. What is the greatest common factor of 35 and m?
7
Let s(j) be the first derivative of j**3/3 + 17*j**2/2 - 72*j + 105. Let y be s(-24). Calculate the highest common factor of 240 and y.
48
Suppose -3*f + 180 = -4*y, 60 = f + 221*y - 225*y. Calculate the greatest common factor of f and 5388.
12
Suppose 123 = -6*h - 3. Let a(b) = -b**3 - 23*b**2 - 42*b + 68. Let i be a(h). What is the greatest common factor of i and 221?
17
Suppose -12 = 19*b - 25*b. Suppose -2*l + 4*c + 232 = 0, b*l + 4*c = -l + 328. Calculate the highest common factor of l and 32.
16
Let f be (1 + 3 + -1)*1. Suppose -f*n = n - 4. Let c be -27*-1*4/12. What is the greatest common divisor of c and n?
1
Let j(m) = -2*m**2 + 43*m - 48. Let q be j(20). Let u = 22 + 74. Calculate the highest common factor of u and q.
12
Let d(p) = p**3 - 10*p**2 + 15*p + 22. Let t be d(9). Let n = 402 - 174. Let r = n - 114. Calculate the greatest common divisor of r and t.
38
Let s be 114/(186/341 + 8/66). Calculate the greatest common factor of s and 4028.
19
Let k(s) = 4*s + 39. Let v be k(9). Let l = v - 68. Suppose -l*i - 1122 = -24*i. Calculate the greatest common divisor of i and 6.
6
Let y be (-354)/(-9) - (-3)/(-9). Suppose -5*s = -2*s - y. Let a = 79 - 53. What is the greatest common factor of a and s?
13
Let c(q) = 4*q**2 + 30*q + 362. Let g be c(-17). Calculate the highest common factor of 1323 and g.
63
Let c = -17 - -14. Let o be (-2)/c + 3344/24. Suppose 0 = 5*i - 9*i + 140. What is the greatest common factor of i and o?
35
Let s(k) = 1565*k**2 - 26*k**3 - 2*k - 65*k**3 - 1568*k**2. Let m be s(-1). Suppose 28 = 3*t - 26. What is the greatest common divisor of m and t?
18
Let m(y) = 132*y + 1896. Let q be m(-14). What is the greatest common factor of 927 and q?
3
Let g = 14 + 1. Suppose 4*x - 6 = -2*p + 12, 10 = 3*x + 5*p. Suppose 46*f - 47*f - 314 = -3*n, -x = -5*f. What is the highest common divisor of g and n?
15
Suppose -s - 21*d = -16*d - 424, 2*d + 4 = 0. Calculate the greatest common factor of 5425 and s.
217
Suppose -4*a + 2*h = 6*h + 120, 3*a + 50 = 5*h. Let i = a - -50. Let t = -729 + 854. What is the greatest common factor of i and t?
25
Let m be ((6 - 1) + -2)/((-3)/(-2)). Suppose 8 = 2*i + m*a - 18, i = -5*a - 7. Calculate the greatest common factor of 99 and i.
9
Let x be 3 + 0 + 740*35/140. What is the greatest common divisor of 1222 and x?
94
Let d(x) = -2*x**2 + 55*x - 239. Let m be d(7). Calculate the highest common factor of m and 1744.
16
Let p be 2*(-142)/(-2) + -2. Let l = -234 - -423. Let r = 217 - l. Calculate the highest common factor of p and r.
28
Suppose -75 - 2638 = -21*k + 5687. Calculate the highest common factor of 3 and k.
1
Suppose -4*n - 3*o = 3*o - 1770, 2*n = o + 865. Calculate the greatest common divisor of 6 and n.
3
Let z = 71 - 16. Let y(q) = 477*q + 16 + 34 - 473*q. Let o be y(-7). What is the highest common factor of o and z?
11
Let p = 9 - -1. Let l be ((-36)/p)/((18/(-6))/45). Suppose -q + 122 = -l. Calculate the highest common factor of 16 and q.
16
Let h(d) = d**3 + 11*d**2 + 4*d - 12. Let w be h(-11). Let k be w/(-14) + (2 - -26). Calculate the greatest common divisor of 352 and k.
32
Let y(b) = 3*b**2 + 7*b + 8. Let j be y(-4). Suppose 678 = -j*v + 2470. What is the greatest common divisor of 16 and v?
16
Let m be (0 - 40)/(-30 - (-1475)/50). Let f(u) = -u**3 - u**2 + 3*u - 2. Let h be f(-4). Let c = -18 + h. What is the greatest common factor of m and c?
16
Let d be (-45)/2*-6 - 0. Let g be (-12)/42 - d/(-7). Let h(m) = 69*m + 3100. Let c be h(-43). What is the highest common divisor of g and c?
19
Suppose a + 21 = 3*v + 5*a, 0 = -2*v - a + 14. Suppose -w = 2*q - 132, 0 = -4*q + v*w - 11*w + 272. What is the greatest common divisor of q and 32?
32
Let z = -326 - -368. Suppose -3*u + z*x = 47*x - 137, -2*x = -2*u + 118. What is the highest common factor of 756 and u?
54
Suppose -113*z + z = -1680. Suppose 0 = 15*g - 17*g + 12. Calculate the highest common factor of g and z.
3
Let j be 120020/34 - (1 + -11). What is the highest common factor of 20 and j?
20
Suppose 5*i - 4*r = 1170, -29*r + 33*r + 456 = 2*i. Calculate the highest common divisor of i and 98.
14
Let c be (-4)/11 + (-6592896)/(-66). Let i be (-4)/(-14) + c/238. Calculate the highest common divisor of i and 35.
35
Let p(r) = -8*r + 6878*r**3 - 6*r + 9*r**2 - 6879*r**3 + 7. Let m be p(6). What is the highest common divisor of m and 31?
31
Suppose -4*w = -0*w - 108. Let r(l) = -l**3 + 132*l**2 + 3565*l + 117. Let t be r(155). Calculate the greatest common divisor of w and t.
9
Let r be (6/27)/1 + (-304)/(-9). Let x be -330*(-4)/8 + 5. Calculate the highest common factor of r and x.
34
Let y = 23958 - 23163. Calculate the greatest common factor of y and 705.
15
Let m(v) = v**2 + 59*v + 688. Let x be m(-15). Let j be (-1182)/(-14) - (-15)/(-35). What is the highest common factor of j and x?
28
Let y = -157 + 199. Let v be (10/((-80)/y))/(2/(-48)). Calculate the highest common factor of v and 14.
14
Suppose 0 = -8*f + 2269 - 2045. Let h be 2/11 - 4924/(-22). What is the highest common divisor of f and h?
28
Let k(r) = -372*r + 372*r + 5 + r**3. Let u be k(0). Suppose 2*w - 29 - 57 = -5*b, -2*b = -u*w - 17. What is the greatest common divisor of b and 2?
2
Let o = 20 - -13. Let c be (o/5 - 1)/(2/10). Suppose -s + 13 = j + 3, s = 5*j + c. Calculate the greatest common divisor of s and 104.
13
Suppose 11041 = 4*f + 1021. Suppose 9255 + f = 8*d. Calculate the highest common divisor of 15 and d.
15
Let m be 2648 + -7 - (-3 + -12). Calculate the highest common factor of 64 and m.
32
Suppose 20*f + 1060 = 30*f. Let r = f + 518. Calculate the greatest common divisor of 78 and r.
78
Let z(a) = 23*a - 1. Let u be z(-1). Let g = 3 - u. Suppose -2*q + 91 = g. What is the greatest common factor of 64 and q?
32
Suppose 48*b - 40495 = 8*b - 25*b. What is the greatest common factor of b and 21?
7
Suppose -19*k - 4476 + 10451 + 9339 = 0. What is the highest common factor of 248 and k?
62
Let d(y) = -7*y + 3*y - 5 + 12 + 23. Let j be d(5). Calculate the highest common divisor of 6 and j.
2
Let t(q) = 156*q - 157*q + 1 - 15. Let c be t(-8). Let i be 17/((5 + c)/(-4 - -1)). What is the greatest common factor of i and 68?
17
Suppose -132*p = 5*a - 131*p - 22521, p = 1. What is the greatest common divisor of 8 and a?
8
Suppose 77*g = 80*g - 156. Let a(h) = -5*h**2 - 48*h - 26. Let c be a(-7). Calculate the highest common factor of c and g.
13
Let x(j) = -8*j**3 - 7*j**2 - 17*j + 17. Let c be x(-6). Calculate the highest common factor of 580 and c.
145
Let u(i) = -i**2 + 31*i - 63. Let w be u(33). Let g = w - -125. Let n(t) = -9*t - 13. Let b be n(g). What is the greatest common factor of 92 and b?
23
Suppose -220*x = -s - 215*x + 86, 2*s = -3*x + 81. What is the highest common divisor of s and 297?
3
Let d be 455 - (-3 + 39 - 13). What is the highest common divisor of d and 12384?
144
Let n = -7188 + 7827. What is the greatest common factor of n and 18?
9
Let c = 154 - 378. Let r = c - -601. Suppose 9*w = 127 + r. What is the greatest common factor of 14 and w?
14
Let l(n) = 56*n. Let u be l(3). Let z be 44 - -2 - (6 + -2 + -6). Let p be z*(2 - ((-60)/(-8))/5). What is the greatest common divisor of p and u?
24
Let f(z) = z**3 + 9*z**2 - 6*z - 19. Le